471)/12.
35
Let h(r) = r**2 - 48*r + 303. What is the remainder when 356 is divided by h(6)?
50
Let f = 125 + -94. Let o = f + -10. What is the remainder when 68 is divided by o?
5
Suppose 2*r - 3*n - 150 = -0*n, -r + 75 = 3*n. Calculate the remainder when (610/r - 8) + (-3116)/(-30) is divided by 23.
12
Let q be 2*(-6 - 7/(70/(-45))). Let i(p) = 2*p**2 + p + 9. Let n(u) = 6*u - 3. Calculate the remainder when i(q) is divided by n(2).
6
Let z(p) = 9*p**2 - 52*p + 7. Suppose 23 = 8*q - 25. What is the remainder when 434 is divided by z(q)?
16
Let n = -47 + 5. Let k = n + 150. What is the remainder when k is divided by 55?
53
Let s = 2307 - 1231. What is the remainder when s is divided by 2?
0
Let j = -6 + 17. Suppose 0 = s + s - 2*v - 22, 76 = 4*s + 4*v. Suppose -4*t + 13 + s = 0. What is the remainder when j is divided by t?
4
What is the remainder when (2/4 - 5*(-2674)/700)*275 is divided by 39?
8
Let p = 295 - 307. Let f(g) = -29*g - 338. What is the remainder when (-29)/(-1) - (0 - -1) is divided by f(p)?
8
Let w(i) = 9*i**2 + 26*i - 149. Calculate the remainder when w(5) is divided by 75.
56
Let y(j) = -j**3 - 14*j**2 - 60*j - 285. Calculate the remainder when y(-11) is divided by 6.
0
Suppose -5*y = -5*r + 1420, -4*r + 1625 = -2*y + 499. Calculate the remainder when 292 is divided by r.
13
Let l(m) = -4*m + 63*m**2 + 53*m**2 - 43 - 115*m**2. Calculate the remainder when 271 is divided by l(-7).
33
Let r(m) = -199*m - 142. Calculate the remainder when r(-75) is divided by 168.
167
Let n = -3252 - -6562. What is the remainder when n is divided by 275?
10
What is the remainder when (-28 - -27)*(-58 + -3) is divided by 24?
13
Let d = -53 + 56. Let s(a) = -a - 3. Let g be s(-6). Suppose g*v - 73 = -4*u, -d*v - 79 = u - 5*u. What is the remainder when 35 is divided by u?
16
Let f be ((-5)/(-10))/(3/6). Let q = f - -32. What is the remainder when 45/6*76/6 is divided by q?
29
Let a(g) = -g**3 + 8*g**2 + 2*g - 12. Let m be a(2). Suppose 4*p - m*p = -516. What is the remainder when 139 is divided by p?
10
Let x = 182 - 178. Suppose 5*a + 4*l - 779 = 0, -x*l + 20 = -9*l. What is the remainder when a is divided by 47?
18
Suppose 0*r - 4*r = -8. Suppose 4*g = r*g + 34. Suppose -13*l + 28 = -401. What is the remainder when l is divided by g?
16
Suppose 248*d + 118*d = 82350. What is the remainder when d is divided by 30?
15
Let z = 45 - 31. Let i be 40/100 - (-2)/(-5). Suppose 21*b - 10*b - 297 = i. Calculate the remainder when b is divided by z.
13
Let g be 40/24*12/10. Suppose g*p = p + 204. Calculate the remainder when p is divided by ((-574)/(-42))/(3/9).
40
Let x = 361 + -308. Calculate the remainder when 580 is divided by x.
50
Suppose -135*u + 8735 + 5170 = 0. What is the remainder when 382 is divided by u?
73
Suppose 9315 = 55*w + 290*w. Calculate the remainder when 2074 is divided by w.
22
Let n(w) = -8*w - 6. Let q(r) = 6*r**2 - 49*r + 5. Let j be q(8). Calculate the remainder when n(-6) is divided by 18 - -1 - j - -1.
19
Let l = 38 + -58. Let m(z) = -z - 18. What is the remainder when 5 is divided by m(l)?
1
Suppose 0 = -3*t - 12, -23*d + 26*d + t = 59. Calculate the remainder when d is divided by 7.
0
Suppose -4*l + 5*h = -223, -3*h - 281 = -5*l + h. What is the remainder when 283 is divided by l?
55
What is the remainder when 224 is divided by (-14 + (0 - 5))*(-3 + -1)?
72
Let w(z) = -8*z + 16. Suppose 2*n - 15 = -n. Let r be w(n). What is the remainder when 77 is divided by 2/3 + (-296)/r?
12
Let s = 323 - 492. Let y(b) = -b**2 + 40*b - 157. Let v be y(22). Let m = s + v. What is the remainder when m is divided by 18?
16
Let d = -9564 + 9647. Calculate the remainder when 226 is divided by d.
60
Let v = -3173 - -3855. Calculate the remainder when v is divided by 140.
122
Let z(u) = -2*u**3 - 16*u**2 - 46*u + 12. Calculate the remainder when 10799 is divided by z(-3).
59
Suppose 4*p - 2251 = -r, -922 + 361 = -p - 2*r. Calculate the remainder when 1700 is divided by p.
11
Suppose 0 = -11*n + 14*n - 126. Calculate the remainder when 32 is divided by (-28)/(-8)*n/49.
2
Suppose 5*m - 3*w - 213 = 0, -29*m - 4*w = -31*m + 88. Let j = -35 + 29. What is the remainder when m is divided by ((-18)/(-12))/((-1)/j)?
6
Calculate the remainder when 195 is divided by 167 - ((-2)/6 + 1 + (-26)/3).
20
Suppose -5*f + i = -57 + 17, 3*f - 4*i - 41 = 0. Let a be (-9 + f)/((-2)/4). Suppose 2*p + 222 = a*p. What is the remainder when p is divided by 23?
19
Let d(b) = -8*b**2 + 163*b - 51. Let j(z) = -z**3 + 20*z**2 - 27*z + 24. Calculate the remainder when j(18) is divided by d(20).
6
Let s = 612 - -302. What is the remainder when s is divided by 181?
9
Suppose 0 = 5*d - d. Let h(r) = r**2 - 17*r + 74. Let x be h(9). Suppose -8*s + x*s + 90 = d. What is the remainder when s is divided by 9?
6
Let r(h) = 124*h - 1084. Let j(a) = a**2 - 14*a - 8. Calculate the remainder when j(-6) is divided by r(9).
16
Let w(k) = -16*k - 11 - 7 + 22*k - 12*k. Suppose -6*g - 30 = -0*g. Calculate the remainder when 34 is divided by w(g).
10
Calculate the remainder when (4/12)/((-7)/(-3)) + (-815732)/(-1316) is divided by 88.
4
Suppose -4*u + 264 = 2*r, r - 5*u = 190 - 58. What is the remainder when 1054 is divided by r?
130
Suppose 4*w - 54 = w. Suppose -2*z = 24 + 22 - 56, -3*o - 3*z = -1302. What is the remainder when o is divided by w?
15
Suppose 0 = 11*r + r - 348. Suppose 0 = 17*u - 13*u - 1660. What is the remainder when (-2 + 6)*(u/(-4))/(-5) is divided by r?
25
Let s(g) = -56*g - 383. Let a = -12 + 24. Calculate the remainder when s(-7) is divided by (-4)/a + (-48)/(-9).
4
Let i(u) = -5 + 27*u - 6*u - 10. Calculate the remainder when 79 is divided by i(2).
25
Suppose 0 = -4*h + 16, 2*p + h - 725 - 29 = 0. What is the remainder when p is divided by 13?
11
Let w = 9007 - 8707. What is the remainder when 1501 is divided by w?
1
Let h = 62 - 26. Suppose 0 = -5*z - 7*r + 940, -7*r + 308 = 2*z - 11*r. Calculate the remainder when z is divided by h.
30
Let i be 2 - (1 + 1)/(-2 + 1). Suppose -2*a + 5*q + 265 = 0, 0 = q - i + 1. Calculate the remainder when a is divided by 11.
8
Let j = -73 + 301. Suppose -3*z = 3*m - 135, -5*z - 3*m = m - j. What is the remainder when 238 is divided by z?
46
Suppose -6*h + 630 = -h + 5*f, 2*f - 514 = -4*h. Let v = h + -126. Suppose 3*z - z - 226 = -2*b, -b = v*z - 97. Calculate the remainder when b is divided by 30.
27
Suppose -3*z = 3*z - 72. Suppose 2*x + 125*l - 214 = 123*l, -4*l - 476 = -4*x. Calculate the remainder when x is divided by z.
5
Suppose 2*q - 133 = -4*r + 351, 0 = 4*q - r - 1004. What is the remainder when q is divided by 24?
10
Suppose -16 = -3*p + 11. Let v = 619 - 619. Suppose 3*r - h - 8 = 3, v = -3*h - 15. Calculate the remainder when p is divided by r.
1
Suppose -13*y = -18*y + 65. Calculate the remainder when 79 is divided by -6 + 480/78 - (-128)/y.
9
Let h = 17 - 29. Let c(d) = d**2 + 9*d - 24. Let s be c(h). Let f = s + -1. Calculate the remainder when 98 is divided by f.
10
Let b = 211 - 129. Calculate the remainder when 181 is divided by b.
17
Let y = 3 + 0. Let j(c) = 10*c**2 + 8*c + 40. Let k be j(-7). Let z = k + -453. Calculate the remainder when z is divided by y.
0
Suppose f + 3 = 6. Suppose f*v = -z + 6*z + 17, 3*v + 2*z = 10. Let t(r) = 2*r**2 - 9*r + 12. Calculate the remainder when t(v) is divided by 3.
2
Let q = -6849 - -6922. What is the remainder when q is divided by 62?
11
Let a(p) be the third derivative of p**4/24 + 19*p**3/6 - 124*p**2. What is the remainder when 106 is divided by a(16)?
1
Let h = 96 + -201. Let t be -7*3/(h/25). Suppose t*b + 106 = 3*d, d - 3*d + 4*b = -72. Calculate the remainder when d is divided by 11.
10
Let d be (22/(-55))/(2 - 104/50). Suppose -d*i + 15 = -8*i, 0 = 3*k - 2*i - 1090. What is the remainder when k is divided by 33?
30
Let p be 6/9 - (-32)/6. Let i(x) = x**3 - 5*x**2 - 4*x + 8. Calculate the remainder when 3/5 + (-3601)/65*-1 is divided by i(p).
16
Suppose -2*w = -z - 72, 3*w + 5*z = 8*w - 185. Let d = w - 22. Calculate the remainder when 21 is divided by d.
8
Suppose z = -0*c - 4*c + 231, z = c + 221. Let g = z - 143. Let s = 0 + g. Calculate the remainder when s is divided by 23.
11
Calculate the remainder when (-132)/(-8) - (-1)/2 is divided by ((-1)/(-4))/(13/